at is the hundreds digit of b?
4
Let z = -694 + 1452. What is the units digit of z?
8
Let t(l) = 4151*l**2 + 41*l + 40. What is the tens digit of t(-1)?
5
Let g = -3 - -44. Suppose -g = -6*o - 5. What is the units digit of o?
6
Suppose -4*u + 12 = 0, l + 3*u = -3*l + 21. Suppose -4*y + 2*m - 4*m + 24 = 0, -l*m = y - 6. What is the tens digit of (201/y - 3)*2?
6
Let r(z) = -z - 9. Let a be r(-11). Let g be -1 + 3 + (a - 6). Let d = g + 19. What is the units digit of d?
7
Suppose 0 = 6*r - r - 25. Suppose 91 = -r*f + 741. What is the hundreds digit of f?
1
Suppose -4*b - b + 40 = 0. Suppose 0 = -6*m + 6 + 6. Suppose -2*a + 16 = 3*z, a - m*z - 2*z - b = 0. What is the units digit of a?
8
What is the units digit of 2/6*0 - 4809/(-7)?
7
Suppose -8 + 4 = -d. Suppose -5*l - 10 = -3*t, -4*t - 1 = d*l - 25. Suppose -96 = -t*b - z, -3 = -4*z + 1. What is the tens digit of b?
1
Let d = 247 - 181. What is the tens digit of d?
6
Suppose -3*o - 6 + 9 = 0. Suppose -3*a = -16 + o. Suppose 0 = -a*k - 0*k + 85. What is the units digit of k?
7
Suppose -8*z = -4*z - 8. Let y(m) = 7*m**2 - 5*m + 5. What is the units digit of y(z)?
3
What is the tens digit of (-1182)/(-5)*23/(506/165)?
7
Let u = 356 + -330. Suppose -b - 4*b = 0. Suppose -2*v + 8 + u = b. What is the units digit of v?
7
Suppose 12 = -3*a, 0 = 5*b + 12*a - 13*a - 15719. What is the units digit of b?
3
Suppose -14 + 29 = -15*r. Let w(t) = -36*t**3 + t**2 - t - 1. Let q(s) = -35*s**3 + s**2 - s - 1. Let j(u) = 3*q(u) - 2*w(u). What is the units digit of j(r)?
4
Let b = 1453 + -547. What is the tens digit of b?
0
Suppose -4*p + 5*a + 0*a + 8 = 0, -2*p = -a - 4. Let c(t) = -2*t + 1. Let y be c(-4). Suppose z - 3*s - 10 = -0*z, 5*s = -p*z + y. What is the units digit of z?
7
Let a = 9 + 220. What is the tens digit of a?
2
Let y(k) = 3*k + 2. Let c be y(-2). Let g(b) = -b**2 - 5*b - 1. Let j be g(c). Let x(o) = 19*o + 2. What is the tens digit of x(j)?
5
Let a(v) = -3*v + 1. Suppose 3*s + 4*g = -14, 3*s + s - 4*g = -56. What is the tens digit of a(s)?
3
Let q be ((-12)/(-8))/(6/(-48)). Let l = 6 - q. What is the tens digit of l?
1
Let a = 1226 - 220. What is the tens digit of a?
0
Let y be (255/(-30))/((-1 + 2)/(-10)). Suppose 0 = j - 3*m - y, 3*m = m. What is the tens digit of j?
8
Let m(z) = 3*z - 11. Let c be 1 + 3 + -6 + 4. Suppose 45 = c*l + 3*l. What is the tens digit of m(l)?
1
Let b be 2 - 4 - (12/(-4) + 35). What is the units digit of (-1 - -1 - 34)*b/4?
9
Let d(c) = 8*c**3 + c**2 - 2*c + 4. What is the tens digit of d(2)?
6
Let q = 4278 - 2133. What is the thousands digit of q?
2
What is the units digit of (-920)/64*4*(-44)/5?
6
Suppose -2*m = -0*m - 4*c - 64, 3*c + 36 = m. Let q = 32 + m. What is the tens digit of q?
5
Let p = -981 - -1552. What is the hundreds digit of p?
5
Let k(z) = -z**3 + 4*z + 3. Let q be k(-2). Suppose 3*o + 3*n + 3 = 0, -2 - q = n. Suppose j - o*j = -12, -48 = -2*s - 4*j. What is the units digit of s?
6
Let h(t) = 12*t**2 + 75*t + 41. What is the hundreds digit of h(-14)?
3
Suppose 3*n - 665 = -4*n. What is the units digit of n?
5
Let y = -13 + 21. Let f(h) = h**2 - 5 + 4 - y + 9*h. What is the units digit of f(-10)?
1
Suppose 12 = -5*b + 2*i, -9 - 6 = 5*b - 5*i. Let q be (-6)/(7/(7/b)). Let s(o) = 2*o**3 - o - 4. What is the tens digit of s(q)?
4
Suppose x + a - 10 = -2*a, 3 = x - 4*a. Suppose -2*h + x + 19 = 0. What is the tens digit of h?
1
Suppose -12*x = -8*x. Suppose -2*n - 6 = x, 0 = -0*j - 5*j - 3*n - 9. Suppose -3*r + j*r + 24 = 0. What is the units digit of r?
8
Let b(d) = 2*d**3 + 30*d**2 + 3*d - 41. What is the hundreds digit of b(-14)?
3
What is the units digit of (1/((-10)/608))/((-157)/7850)?
0
Let u(x) = x - 6. Let f(j) = j - 12. Let b(k) = -6*f(k) + 10*u(k). Let y be b(7). What is the units digit of ((-304)/y)/(2/(-10))?
8
What is the hundreds digit of 24/(7 - -5) + 3665 + 0?
6
What is the tens digit of (2490/9)/((-56)/(-84))?
1
Let a = 4463 + -2603. What is the tens digit of a?
6
Let r = 6 + -15. Let j(v) = v**3 + 8*v**2 - 13*v - 13. Let t be j(r). Suppose 4*b - 125 = t. What is the units digit of b?
7
Let b(u) = -u**2 + 6*u - 5. Let h = 14 + -10. Let c be b(h). Suppose c*x + 99 = 6*x. What is the units digit of x?
3
Suppose 1 = -2*c + 11, 0 = 2*y - 3*c - 1365. What is the units digit of y?
0
Let v(f) = -5*f + 3. Suppose -15 - 13 = -5*m - a, -m + 11 = 2*a. Suppose 4*o = 5*n + m*o + 18, 0 = -3*n + 2*o - 3. What is the tens digit of v(n)?
1
Let g be (-10)/(-2)*18/30. Suppose 2*v + g = 33. What is the units digit of v?
5
Let s = -318 + 568. What is the units digit of s?
0
Let f(w) = 6*w + 11. Let p be f(2). Suppose -z - p + 196 = 0. What is the tens digit of z?
7
Let z(k) = 168*k - 177. What is the hundreds digit of z(19)?
0
Suppose c - 24 = -5*d, -4 = d - 8. What is the units digit of 6/8 + 89/c?
3
Suppose -4238 - 649 = -3*p. What is the units digit of p?
9
Suppose -413*p + 435*p = 84942. What is the units digit of p?
1
Let j(q) = -q**2 - 3. Let c be j(6). Let n = 45 - c. What is the units digit of n/60 + (-2)/5?
1
Let j = 2333 - -1431. What is the tens digit of j?
6
What is the units digit of (-5)/(-70) - 68783/(-182)?
8
Let t = 35 + -4. Let o be 4/(-14) + (-102)/(-14). Suppose -o = 4*k - t. What is the units digit of k?
6
Let z = 70 + -75. Let x(o) = 4*o**2 - 7*o + 2. What is the units digit of x(z)?
7
Suppose -6*o + 11*o + 25 = 0. Let x be (-2872)/(-40) + (-1)/o. Let i = 120 - x. What is the tens digit of i?
4
Suppose 280 = -5*r + 5*t, 0*r - 4*t = -2*r - 112. Let z be -23 + 5 + -6 - -1 - 5. Let f = z - r. What is the units digit of f?
8
Let z(i) = 3*i**2 - 4*i + 3. Let g be z(3). Suppose 2*a - 2*h = g, 5*h - 27 = -a - 0*a. What is the units digit of a + (5 - 3 - 5)?
9
Let a(p) = 3*p**2 - 10*p + 2. Let b be a(8). Let z = b + -80. What is the units digit of z?
4
Suppose 122 = -2*h + 1898. What is the tens digit of h?
8
Let c(q) be the second derivative of q**4/12 - q**3/3 + 2*q**2 - 18*q. What is the units digit of c(8)?
2
Suppose 0*h - 3*h + 66 = 3*l, 0 = -5*l - 3*h + 110. Let v = l - 20. Suppose v*u - 3*u + 5 = 0. What is the units digit of u?
5
Let l(j) = 194*j**3 - j**2 + 11*j - 9. What is the tens digit of l(1)?
9
Suppose 2*c - 3*c = 0. Let k be c - -31 - (4 + -1). Let p = k + -17. What is the tens digit of p?
1
Let m(z) = 146*z. Let y be m(-1). Let v = y - -212. What is the tens digit of v?
6
Let r = 101 + -99. Suppose -600 = -8*m - r*m. What is the tens digit of m?
6
Let t(d) = 2*d**2 + 45*d - 82. What is the tens digit of t(-31)?
4
Suppose -5*n - 3 = -2*w, -2*w - 2*n = -0*n + 4. What is the units digit of 32 + w + -2 + 7?
6
Let f(i) = 13*i**3 - 2*i**2 + 2*i. What is the units digit of f(4)?
8
Let q = -85 + 410. What is the units digit of q?
5
Suppose 0 = -6*o + o - 20, o + 67 = -3*m. Let q(p) = -2*p**2 - 7*p - 3. Let a be q(-5). Let i = a - m. What is the units digit of i?
3
Let w be 44/20 - 1/5. Suppose -4*v + 4*c = -7*v + 222, 5*c - 155 = -w*v. Suppose 0 = -x - x + 4*u + 102, -2*x = 4*u - v. What is the tens digit of x?
4
Suppose 0 = -c + 108 + 7. Suppose 0 = -0*g + g - c. What is the tens digit of g?
1
Let c(j) be the first derivative of -j**4/2 + j**3/3 + j**2 + j - 4. What is the units digit of c(-1)?
2
Suppose 0*q - 5 = -u - q, -3*u = -4*q - 8. Suppose 3*n + 0*n + 4*t - 395 = 0, u*t = -5*n + 661. What is the tens digit of n?
3
Let w(i) = 54*i**2 - 38*i + 211. What is the hundreds digit of w(9)?
2
Let t be 184/10 + (-6)/15. What is the units digit of t/117 + 594/26?
3
Let k be (-210)/(-7)*(-1)/(-3)*1. Let s = 6 + -4. Suppose k*f - s*f = 200. What is the units digit of f?
5
Suppose 3*i - 4*z - 448 = -5*z, 0 = -i - z + 152. What is the tens digit of i?
4
Let b = 25 + -21. Let v be 128 - 3 - b - 2. Let i = v + -69. What is the tens digit of i?
5
Let j be (0 - 0 - -1) + (-75)/(-3). Let w = 17 - 9. Let u = j + w. What is the tens digit of u?
3
Let t(r) = -9*r + 8*r**2 + 3 + r**2 - 5 + 2*r. What is the units digit of t(4)?
4
Suppose 31*q - 24*q = 910. What is the tens digit of q?
3
Suppose 0 = -50*i + 6662 + 70688. What is the units digit of i?
7
Let w be ((-51)/34)/(2/(-4)). Suppose 61 = w*b + 55. What is the units digit of b?
2
Suppose 2*j - 48 = -2*y, j + 2*y - 6 = 7*y. Suppose j = 2*w - 31. What is the units digit of w?
6
Suppose -15*t + 